{"id":35,"date":"2021-09-03T06:56:55","date_gmt":"2021-09-03T04:56:55","guid":{"rendered":"https:\/\/www.bandfestival.ch\/?page_id=35"},"modified":"2022-01-13T13:14:01","modified_gmt":"2022-01-13T12:14:01","slug":"1-bandfestival","status":"publish","type":"page","link":"https:\/\/www.bandfestival.ch\/index.php\/das-band-festival\/1-bandfestival\/","title":{"rendered":"1. Oberwalliser Bandfestival"},"content":{"rendered":"\n<figure class=\"wp-block-image size-large\"><img loading=\"lazy\" decoding=\"async\" width=\"1024\" height=\"722\" src=\"https:\/\/www.bandfestival.ch\/wp-content\/uploads\/2021\/09\/1_Bandfestival-1024x722.jpg\" alt=\"\" class=\"wp-image-97\" srcset=\"https:\/\/www.bandfestival.ch\/wp-content\/uploads\/2021\/09\/1_Bandfestival-1024x722.jpg 1024w, https:\/\/www.bandfestival.ch\/wp-content\/uploads\/2021\/09\/1_Bandfestival-300x211.jpg 300w, https:\/\/www.bandfestival.ch\/wp-content\/uploads\/2021\/09\/1_Bandfestival-768x541.jpg 768w, https:\/\/www.bandfestival.ch\/wp-content\/uploads\/2021\/09\/1_Bandfestival-1536x1083.jpg 1536w, https:\/\/www.bandfestival.ch\/wp-content\/uploads\/2021\/09\/1_Bandfestival-2048x1444.jpg 2048w\" sizes=\"auto, (max-width: 1024px) 100vw, 1024px\" \/><\/figure>\n\n\n\n<h1 class=\"wp-block-heading\">1.&nbsp;&nbsp;&nbsp;Oberwalliser Bandfestival<\/h1>\n\n\n\n<p>Heute findet in der Rothis Western City in Gampel die Premiere des Oberwalliser Bandfestivals statt. Neben der Pr\u00e4sentation von jungen schweizer Bands, hat sich dieser Anlass auch vorgenommen, die regionale Musikszene zu beleben.<\/p>\n\n\n\n<p>So pr\u00e4sentiert sich die Premiere des Festivals stilistisch vielf\u00e4ltig. Neben der Basler Fun-Punk-Band \u201eScatterbrains\u201c sorgen an diesem Abend zwei Oberwalliser Formationen f\u00fcr Abwechslung. Dies ist zu einem \u201eClimax\u201c aus St. Niklaus, welche sich dem klassischen Rock verschrieben haben und zum anderen \u201eSimple Cause\u201c, die mit Covers f\u00fcr Party-Stimmung sorgen.<\/p>\n\n\n\n<p>Das Festival kann sich auf zahlreiche G\u00f6nner und Partnern st\u00fctzen. Aus diesem Grund werden unter den Zuschaurn Preise im Wert von \u00fcber 1300.- verlost.<\/p>\n","protected":false},"excerpt":{"rendered":"<p>1.&nbsp;&nbsp;&nbsp;Oberwalliser Bandfestival Heute findet in der Rothis Western City in Gampel die Premiere des Oberwalliser Bandfestivals statt. Neben der Pr\u00e4sentation von jungen schweizer Bands, hat sich dieser Anlass auch vorgenommen, die regionale Musikszene zu beleben. So pr\u00e4sentiert sich die Premiere des Festivals stilistisch vielf\u00e4ltig. Neben der Basler Fun-Punk-Band \u201eScatterbrains\u201c sorgen an diesem Abend zwei Oberwalliser &hellip;<\/p>\n<p class=\"read-more\"> <a class=\"\" href=\"https:\/\/www.bandfestival.ch\/index.php\/das-band-festival\/1-bandfestival\/\"> <span class=\"screen-reader-text\">1. Oberwalliser Bandfestival<\/span> Read More &raquo;<\/a><\/p>\n","protected":false},"author":1,"featured_media":97,"parent":27,"menu_order":0,"comment_status":"closed","ping_status":"closed","template":"","meta":{"site-sidebar-layout":"default","site-content-layout":"default","ast-main-header-display":"","ast-hfb-above-header-display":"","ast-hfb-below-header-display":"","ast-hfb-mobile-header-display":"","site-post-title":"","ast-breadcrumbs-content":"","ast-featured-img":"disabled","footer-sml-layout":"","theme-transparent-header-meta":"default","adv-header-id-meta":"","stick-header-meta":"","header-above-stick-meta":"","header-main-stick-meta":"","header-below-stick-meta":"","footnotes":""},"class_list":["post-35","page","type-page","status-publish","has-post-thumbnail","hentry"],"uagb_featured_image_src":{"full":["https:\/\/www.bandfestival.ch\/wp-content\/uploads\/2021\/09\/1_Bandfestival-scaled.jpg",2560,1805,false],"thumbnail":["https:\/\/www.bandfestival.ch\/wp-content\/uploads\/2021\/09\/1_Bandfestival-150x150.jpg",150,150,true],"medium":["https:\/\/www.bandfestival.ch\/wp-content\/uploads\/2021\/09\/1_Bandfestival-300x211.jpg",300,211,true],"medium_large":["https:\/\/www.bandfestival.ch\/wp-content\/uploads\/2021\/09\/1_Bandfestival-768x541.jpg",768,541,true],"large":["https:\/\/www.bandfestival.ch\/wp-content\/uploads\/2021\/09\/1_Bandfestival-1024x722.jpg",1024,722,true],"1536x1536":["https:\/\/www.bandfestival.ch\/wp-content\/uploads\/2021\/09\/1_Bandfestival-1536x1083.jpg",1536,1083,true],"2048x2048":["https:\/\/www.bandfestival.ch\/wp-content\/uploads\/2021\/09\/1_Bandfestival-2048x1444.jpg",2048,1444,true]},"uagb_author_info":{"display_name":"haveit","author_link":"https:\/\/www.bandfestival.ch\/index.php\/author\/haveit\/"},"uagb_comment_info":0,"uagb_excerpt":"1.&nbsp;&nbsp;&nbsp;Oberwalliser Bandfestival Heute findet in der Rothis Western City in Gampel die Premiere des Oberwalliser Bandfestivals statt. Neben der Pr\u00e4sentation von jungen schweizer Bands, hat sich dieser Anlass auch vorgenommen, die regionale Musikszene zu beleben. So pr\u00e4sentiert sich die Premiere des Festivals stilistisch vielf\u00e4ltig. Neben der Basler Fun-Punk-Band \u201eScatterbrains\u201c sorgen an diesem Abend zwei Oberwalliser&hellip;","_links":{"self":[{"href":"https:\/\/www.bandfestival.ch\/index.php\/wp-json\/wp\/v2\/pages\/35","targetHints":{"allow":["GET"]}}],"collection":[{"href":"https:\/\/www.bandfestival.ch\/index.php\/wp-json\/wp\/v2\/pages"}],"about":[{"href":"https:\/\/www.bandfestival.ch\/index.php\/wp-json\/wp\/v2\/types\/page"}],"author":[{"embeddable":true,"href":"https:\/\/www.bandfestival.ch\/index.php\/wp-json\/wp\/v2\/users\/1"}],"replies":[{"embeddable":true,"href":"https:\/\/www.bandfestival.ch\/index.php\/wp-json\/wp\/v2\/comments?post=35"}],"version-history":[{"count":4,"href":"https:\/\/www.bandfestival.ch\/index.php\/wp-json\/wp\/v2\/pages\/35\/revisions"}],"predecessor-version":[{"id":215,"href":"https:\/\/www.bandfestival.ch\/index.php\/wp-json\/wp\/v2\/pages\/35\/revisions\/215"}],"up":[{"embeddable":true,"href":"https:\/\/www.bandfestival.ch\/index.php\/wp-json\/wp\/v2\/pages\/27"}],"wp:featuredmedia":[{"embeddable":true,"href":"https:\/\/www.bandfestival.ch\/index.php\/wp-json\/wp\/v2\/media\/97"}],"wp:attachment":[{"href":"https:\/\/www.bandfestival.ch\/index.php\/wp-json\/wp\/v2\/media?parent=35"}],"curies":[{"name":"wp","href":"https:\/\/api.w.org\/{rel}","templated":true}]}}